{"id":1547,"date":"2021-06-20T09:02:25","date_gmt":"2021-06-20T09:02:25","guid":{"rendered":"http:\/\/orchestre-vibraccord.fr\/?page_id=1547"},"modified":"2024-01-14T18:37:03","modified_gmt":"2024-01-14T18:37:03","slug":"contact","status":"publish","type":"page","link":"https:\/\/orchestre-vibraccord.fr\/?page_id=1547","title":{"rendered":"Contact"},"content":{"rendered":"\n<div class=\"wp-block-cover alignfull is-light\"><span aria-hidden=\"true\" class=\"wp-block-cover__background has-background-dim\" style=\"background-color:#000000\"><\/span><img loading=\"lazy\" decoding=\"async\" width=\"1920\" height=\"1080\" class=\"wp-block-cover__image-background wp-image-1710\" alt=\"\" src=\"http:\/\/orchestre-vibraccord.fr\/wp-content\/uploads\/2021\/08\/20190320_1844091.jpg\" data-object-fit=\"cover\" srcset=\"https:\/\/orchestre-vibraccord.fr\/wp-content\/uploads\/2021\/08\/20190320_1844091.jpg 1920w, https:\/\/orchestre-vibraccord.fr\/wp-content\/uploads\/2021\/08\/20190320_1844091-300x169.jpg 300w, https:\/\/orchestre-vibraccord.fr\/wp-content\/uploads\/2021\/08\/20190320_1844091-1024x576.jpg 1024w, https:\/\/orchestre-vibraccord.fr\/wp-content\/uploads\/2021\/08\/20190320_1844091-768x432.jpg 768w, https:\/\/orchestre-vibraccord.fr\/wp-content\/uploads\/2021\/08\/20190320_1844091-1536x864.jpg 1536w\" sizes=\"auto, (max-width: 1920px) 100vw, 1920px\" \/><div class=\"wp-block-cover__inner-container is-layout-flow wp-block-cover-is-layout-flow\">\n<h1 class=\"wp-block-heading has-text-color\" style=\"color:#ffffff\">Contact<\/h1>\n<\/div><\/div>\n\n\n\n<div class=\"wp-block-group alignfull is-layout-flow wp-block-group-is-layout-flow\">\n<div class=\"wp-block-columns alignwide is-layout-flex wp-container-core-columns-is-layout-28f84493 wp-block-columns-is-layout-flex\">\n<div class=\"wp-block-column is-layout-flow wp-block-column-is-layout-flow\">\n<h2 class=\"wp-block-heading\">Coordonn\u00e9es de contact<\/h2>\n\n\n\n<h4 class=\"wp-block-heading\">Association Vibr&rsquo;Accord<\/h4>\n\n\n\n<h4 class=\"wp-block-heading\">Colette Schermann<\/h4>\n\n\n\n<h4 class=\"wp-block-heading\">2 Impasse du Presbyt\u00e8re <\/h4>\n\n\n\n<h4 class=\"wp-block-heading\">17138 PUILBOREAU<\/h4>\n\n\n\n<h4 class=\"wp-block-heading\">vibr.accord.asso@gmail.com<\/h4>\n\n\n\n<h4 class=\"wp-block-heading\">0678125320 <\/h4>\n<\/div>\n<\/div>\n<\/div>\n\n\n\n<h2 class=\"wp-block-heading has-text-align-center\" id=\"fiche\"> <strong>Informations d&rsquo;inscription aux activit\u00e9s<\/strong> <\/h2>\n\n\n\n<div class=\"wp-block-columns is-layout-flex wp-container-core-columns-is-layout-28f84493 wp-block-columns-is-layout-flex\">\n<div class=\"wp-block-column is-layout-flow wp-block-column-is-layout-flow\" style=\"flex-basis:100%\">\n<div class=\"wp-block-group alignwide is-layout-flow wp-block-group-is-layout-flow\">\n<figure class=\"wp-block-image size-large is-style-default\"><img loading=\"lazy\" decoding=\"async\" width=\"724\" height=\"1024\" src=\"http:\/\/orchestre-vibraccord.fr\/wp-content\/uploads\/2024\/01\/Bordereau-dinscription-2023-VibrAccord-724x1024.jpg\" alt=\"\" class=\"wp-image-2208\" srcset=\"https:\/\/orchestre-vibraccord.fr\/wp-content\/uploads\/2024\/01\/Bordereau-dinscription-2023-VibrAccord-724x1024.jpg 724w, https:\/\/orchestre-vibraccord.fr\/wp-content\/uploads\/2024\/01\/Bordereau-dinscription-2023-VibrAccord-212x300.jpg 212w, https:\/\/orchestre-vibraccord.fr\/wp-content\/uploads\/2024\/01\/Bordereau-dinscription-2023-VibrAccord-768x1087.jpg 768w, https:\/\/orchestre-vibraccord.fr\/wp-content\/uploads\/2024\/01\/Bordereau-dinscription-2023-VibrAccord-1085x1536.jpg 1085w, https:\/\/orchestre-vibraccord.fr\/wp-content\/uploads\/2024\/01\/Bordereau-dinscription-2023-VibrAccord-1447x2048.jpg 1447w, https:\/\/orchestre-vibraccord.fr\/wp-content\/uploads\/2024\/01\/Bordereau-dinscription-2023-VibrAccord-scaled.jpg 1809w\" sizes=\"auto, (max-width: 724px) 100vw, 724px\" \/><figcaption class=\"wp-element-caption\">Concert de l&rsquo;orchestre Vibr&rsquo;Accord et de l&rsquo;OSVS salle de l&rsquo;Eden Saint Jean d&rsquo;Ang\u00e9ly<\/figcaption><\/figure>\n<\/div>\n<\/div>\n<\/div>\n\n\n\n<h2 class=\"wp-block-heading\">Lieu de r\u00e9p\u00e9tition<\/h2>\n\n\n\n<h4 class=\"wp-block-heading\">Ehpad du domaine Rieux Coudreau<\/h4>\n\n\n\n<h4 class=\"wp-block-heading\">7 rue Sainte C\u00e9cile 17139 Dompierre sur mer<\/h4>\n\n\n\n<h4 class=\"wp-block-heading\">Pr\u00e9sence les mercredis de 18h15 \u00e0 19h45 environ<\/h4>\n\n\n\n<div class=\"wp-block-group alignfull is-layout-flow wp-block-group-is-layout-flow\">\n<div class=\"wp-block-buttons is-horizontal is-content-justification-center is-layout-flex wp-container-core-buttons-is-layout-03627597 wp-block-buttons-is-layout-flex\">\n<div class=\"wp-block-button\"><a class=\"wp-block-button__link wp-element-button\" href=\"https:\/\/www.google.fr\/maps\/dir\/\/EHPAD+DU+DOMAINE+RIEUX+COUDREAU,+7+Rue+Sainte-C%C3%A9cile,+17139+Dompierre-sur-Mer\/@46.1902098,-1.0785298,17z\/data=!3m1!4b1!4m8!4m7!1m0!1m5!1m1!1s0x48014d3bee048199:0x2a467a4a4ce2ee62!2m2!1d-1.0763745!2d46.1902223\">Y aller<\/a><\/div>\n<\/div>\n\n\n\n<p><\/p>\n<\/div>\n","protected":false},"excerpt":{"rendered":"<p>Coordonn\u00e9es de contact Association Vibr&rsquo;Accord Colette Schermann 2 Impasse du Presbyt\u00e8re 17138 PUILBOREAU vibr.accord.asso@gmail.com 0678125320 Informations d&rsquo;inscription aux activit\u00e9s Lieu de r\u00e9p\u00e9tition Ehpad du domaine Rieux Coudreau 7 rue Sainte C\u00e9cile 17139 Dompierre sur mer Pr\u00e9sence les mercredis de 18h15 \u00e0 19h45 environ<\/p>\n","protected":false},"author":1,"featured_media":0,"parent":0,"menu_order":0,"comment_status":"closed","ping_status":"closed","template":"","meta":{"om_disable_all_campaigns":false,"_monsterinsights_skip_tracking":false,"_monsterinsights_sitenote_active":false,"_monsterinsights_sitenote_note":"","_monsterinsights_sitenote_category":0,"site-sidebar-layout":"no-sidebar","site-content-layout":"plain-container","ast-site-content-layout":"default","site-content-style":"default","site-sidebar-style":"default","ast-global-header-display":"","ast-banner-title-visibility":"","ast-main-header-display":"","ast-hfb-above-header-display":"","ast-hfb-below-header-display":"","ast-hfb-mobile-header-display":"","site-post-title":"disabled","ast-breadcrumbs-content":"disabled","ast-featured-img":"disabled","footer-sml-layout":"","ast-disable-related-posts":"","theme-transparent-header-meta":"enabled","adv-header-id-meta":"","stick-header-meta":"","header-above-stick-meta":"","header-main-stick-meta":"","header-below-stick-meta":"","astra-migrate-meta-layouts":"default","ast-page-background-enabled":"default","ast-page-background-meta":{"desktop":{"background-color":"","background-image":"","background-repeat":"repeat","background-position":"center center","background-size":"auto","background-attachment":"scroll","background-type":"","background-media":"","overlay-type":"","overlay-color":"","overlay-opacity":"","overlay-gradient":""},"tablet":{"background-color":"","background-image":"","background-repeat":"repeat","background-position":"center center","background-size":"auto","background-attachment":"scroll","background-type":"","background-media":"","overlay-type":"","overlay-color":"","overlay-opacity":"","overlay-gradient":""},"mobile":{"background-color":"","background-image":"","background-repeat":"repeat","background-position":"center center","background-size":"auto","background-attachment":"scroll","background-type":"","background-media":"","overlay-type":"","overlay-color":"","overlay-opacity":"","overlay-gradient":""}},"ast-content-background-meta":{"desktop":{"background-color":"var(--ast-global-color-5)","background-image":"","background-repeat":"repeat","background-position":"center center","background-size":"auto","background-attachment":"scroll","background-type":"","background-media":"","overlay-type":"","overlay-color":"","overlay-opacity":"","overlay-gradient":""},"tablet":{"background-color":"var(--ast-global-color-5)","background-image":"","background-repeat":"repeat","background-position":"center center","background-size":"auto","background-attachment":"scroll","background-type":"","background-media":"","overlay-type":"","overlay-color":"","overlay-opacity":"","overlay-gradient":""},"mobile":{"background-color":"var(--ast-global-color-5)","background-image":"","background-repeat":"repeat","background-position":"center center","background-size":"auto","background-attachment":"scroll","background-type":"","background-media":"","overlay-type":"","overlay-color":"","overlay-opacity":"","overlay-gradient":""}},"footnotes":""},"class_list":["post-1547","page","type-page","status-publish","hentry"],"aioseo_notices":[],"_links":{"self":[{"href":"https:\/\/orchestre-vibraccord.fr\/index.php?rest_route=\/wp\/v2\/pages\/1547","targetHints":{"allow":["GET"]}}],"collection":[{"href":"https:\/\/orchestre-vibraccord.fr\/index.php?rest_route=\/wp\/v2\/pages"}],"about":[{"href":"https:\/\/orchestre-vibraccord.fr\/index.php?rest_route=\/wp\/v2\/types\/page"}],"author":[{"embeddable":true,"href":"https:\/\/orchestre-vibraccord.fr\/index.php?rest_route=\/wp\/v2\/users\/1"}],"replies":[{"embeddable":true,"href":"https:\/\/orchestre-vibraccord.fr\/index.php?rest_route=%2Fwp%2Fv2%2Fcomments&post=1547"}],"version-history":[{"count":16,"href":"https:\/\/orchestre-vibraccord.fr\/index.php?rest_route=\/wp\/v2\/pages\/1547\/revisions"}],"predecessor-version":[{"id":2210,"href":"https:\/\/orchestre-vibraccord.fr\/index.php?rest_route=\/wp\/v2\/pages\/1547\/revisions\/2210"}],"wp:attachment":[{"href":"https:\/\/orchestre-vibraccord.fr\/index.php?rest_route=%2Fwp%2Fv2%2Fmedia&parent=1547"}],"curies":[{"name":"wp","href":"https:\/\/api.w.org\/{rel}","templated":true}]}}